77?
55881
In base 5, what is -413403 - -404?
-412444
In base 10, what is -591 + -815?
-1406
In base 14, what is -36d0a - -c?
-36cdc
In base 12, what is 5 + 1647?
1650
In base 9, what is 23 + -52830?
-52806
In base 12, what is -6 + -214871?
-214877
In base 4, what is -2 - 101120023?
-101120031
In base 9, what is 362 + -3018?
-2546
In base 12, what is -54b066 - -1?
-54b065
In base 10, what is -5 - -39843?
39838
In base 11, what is -15677 + 3?
-15674
In base 14, what is -7 + 1a?
13
In base 6, what is 14414 - -1052?
15510
In base 5, what is 114 - -10430?
11044
In base 4, what is 12 + 203223223?
203223301
In base 16, what is -25086 + -2?
-25088
In base 10, what is 12 - 3664?
-3652
In base 6, what is -352 - -3405?
3013
In base 6, what is -11425 - 232?
-12101
In base 4, what is -120233 - -32321?
-21312
In base 4, what is 0 - 12130330321?
-12130330321
In base 16, what is -b7c1 - 2f?
-b7f0
In base 11, what is 168 + 0?
168
In base 10, what is -349 - -102?
-247
In base 15, what is -4 + d7e?
d7a
In base 2, what is -1011011100011110101 + 11?
-1011011100011110010
In base 15, what is -27 - 396?
-3bd
In base 16, what is -351 - 219?
-56a
In base 8, what is -4225 + 2720?
-1305
In base 6, what is 2 + -1531502?
-1531500
In base 4, what is -12230330 + 311?
-12230013
In base 12, what is 1069 - -56?
1103
In base 12, what is 14854 - 1?
14853
In base 9, what is 3510 + -30?
3470
In base 14, what is 7067 - -a?
7073
In base 4, what is 320323 - 113?
320210
In base 10, what is -1901815 + 0?
-1901815
In base 4, what is -10 + 3021331?
3021321
In base 3, what is 111212102 - -222?
111220101
In base 16, what is 37978f + 5?
379794
In base 4, what is -233222 + 1?
-233221
In base 15, what is 18be0 + -8?
18bd7
In base 5, what is -1 + 100220?
100214
In base 11, what is 1 - -15190?
15191
In base 8, what is -3015102 + -5?
-3015107
In base 5, what is -2122032 - 124?
-2122211
In base 14, what is -acb2 + d?
-aca3
In base 16, what is 5244 + 4?
5248
In base 8, what is -206 - -2374?
2166
In base 11, what is -3a1931 - 4?
-3a1935
In base 12, what is -18a34 + -1?
-18a35
In base 13, what is 5 + 12a3?
12a8
In base 7, what is 200315 - 0?
200315
In base 7, what is 1 - 31520?
-31516
In base 15, what is -2dd2 - 2?
-2dd4
In base 7, what is 4233 + 122?
4355
In base 6, what is -420221 - -32?
-420145
In base 15, what is 3a121 - -3?
3a124
In base 8, what is 33304 + 55?
33361
In base 4, what is 2 - -11331120132?
11331120200
In base 14, what is 116 - -188?
2a0
In base 10, what is 7 - 12411?
-12404
In base 12, what is 738a + -3?
7387
In base 8, what is -2 - -11655?
11653
In base 12, what is -5 - 1a34?
-1a39
In base 7, what is -155624 + -1?
-155625
In base 2, what is 110010101 + -101001?
101101100
In base 12, what is -1822 + -156?
-1978
In base 9, what is 486 - 2?
484
In base 6, what is 212120 + 11?
212131
In base 5, what is 23 + -404414?
-404341
In base 12, what is -3 + -7049?
-7050
In base 11, what is 824738 - -2?
82473a
In base 13, what is -ccb + -128?
-1126
In base 9, what is 225134 - 4?
225130
In base 4, what is -332133033 - -1?
-332133032
In base 15, what is 5 - -8287?
828c
In base 5, what is 1044113 + -1123?
1042440
In base 13, what is -10c + 221b?
210c
In base 13, what is -183 + -1ca?
-380
In base 12, what is 3 + a977?
a97a
In base 6, what is 1514 - -1345?
3303
In base 9, what is -250624 + 1?
-250623
In base 11, what is -38a4 - 33?
-3927
In base 2, what is 1100100010 + 1001?
1100101011
In base 11, what is 156948 - 4?
156944
In base 6, what is 11400401 - -1?
11400402
In base 16, what is -73 + 2af0?
2a7d
In base 14, what is a2a + -117?
913
In base 2, what is -1000000 - 110110101000?
-110111101000
In base 8, what is -3315146 + -4?
-3315152
In base 7, what is -34161 - -355?
-33503
In base 4, what is 102000110 - 3?
102000101
In base 8, what is 2150 - 2377?
-227
In base 11, what is -6 - -1107?
1101
In base 9, what is 0 + 37802?
37802
In base 13, what is 10 - c17?
-c07
In base 13, what is -2 + 96118?
96116
In base 16, what is -77 - -332?
2bb
In base 15, what is -c + -2a7e?
-2a8b
In base 11, what is -5 - 61352?
-61357
In base 13, what is -22a - 14b?
-378
In base 16, what is 29c1 - 0?
29c1
In base 4, what is 103211 - 1113?
102032
In base 4, what is 2120111201 + 11?
2120111212
In base 12, what is -1624 + 13?
-1611
In base 16, what is -3e2f - 4?
-3e33
In base 7, what is 1 - 2364366?
-2364365
In base 3, what is 2 + 101100021?
101100100
In base 9, what is -11 - 1148808?
-1148820
In base 11, what is 1 + -35089?
-35088
In base 13, what is -b - -9831?
9823
In base 7, what is -32100425 + 1?
-32100424
In base 13, what is 0 + -50c6?
-50c6
In base 15, what is 12 - -1a5c?
1a6e
In base 6, what is 101423 + 2?
101425
In base 11, what is 9903 + 1?
9904
In base 8, what is 714161 - -3?
714164
In base 3, what is 2 - 102221010201?
-102221010122
In base 12, what is b152 + 43?
b195
In base 12, what is 4 - -104893?
104897
In base 2, what is -1111 + -10111001100110?
-10111001110101
In base 5, what is 104231230 - -10?
104231240
In base 14, what is a307b + 1?
a307c
In base 6, what is -133 + 140144?
140011
In base 12, what is 2a114 + -42?
2a092
In base 2, what is 10111 - -1001011101110101?
1001011110001100
In base 8, what is 1673313 + 1?
1673314
In base 3, what is -100222 + 22210121?
22102122
In base 11, what is -214 - 4a?
-263
In base 15, what is -155bbb + -2?
-155bbd
In base 7, what is -3 + 142450?
142444
In base 13, what is 10 - 869?
-859
In base 10, what is 0 - -6079?
6079
In base 12, what is -72 - 3b7?
-469
In base 13, what is 23 - 45b0?
-458a
In base 9, what is -13 + 12166?
12153
In base 16, what is -947 + -20?
-967
In base 14, what is -3 + -2dba9b?
-2dbaa0
In base 15, what is -670d - 7?
-6715
In base 2, what is -101 + 1000011101001?
1000011100100
In base 3, what is -12 - 20212120122?
-20212120211
In base 12, what is -5 + -7325?
-732a
In base 7, what is -55 + -333642?
-334030
In base 2, what is -1100110001110000000 - -10?
-1100110001101111110
In base 10, what is 7889 - -3?
7892
In base 10, what is -440311 - 0?
-440311
In base 8, what is -542 - 1620?
-2362
In base 3, what is -100100220 - -1120?
-100022100
In base 6, what is -4340 + 102?
-4234
In base 12, what is 2 - -a3688?
a368a
In base 11, what is 18 - 6724?
-6707
In base 12, what is -4a + 1155?
1107
In base 11, what is -3 - -3818?
3815
In base 3, what is 10200200 + -212121?
2211002
In base 5, what is 3 + -3402131?
-3402123
In base 16, what is -346 + 3bb?
75
In base 11, what is -2a + -18216?
-18245
In base 9, what is -2115172 - 2?
-2115174
In base 11, what is -7174 + 31?
-7143
In base 14, what is -1290 + 1?
-128d
In base 5, what is -432 + -2001?
-2433
In base 11, what is 20 - -11260?
11280
In base 5, what is 20 - -44310441?
44311011
In base 9, what is 8280 - 71?
8208
In base 5, what is -2 + -1121121?
-1121123
In base 10, what is -106 + 2914?
2808
In base 4, what is -3 - -10103331?
10103322
In base 14, what is b03a + 2b?
b067
In base 15, what is -7aa59 + -5?
-7aa5e
In base 16, what is -226e + 9?
-2265
In base 16, what is a3d7b - -1?
a3d7c
In base 2, what is -101100001110101110 + 110001?
-101100001101111101
In base 4, what is 113312 + 13313?
133231
In base 14, what is -66cb3 - 3?
-66cb6
In base 13, what is 7 - 446?
-43c
In base 15, what is -5235 + -4?
-5239
In base 10, what is -13106 - -5?
-13101
In base 7, what is -250540 + -4?
-250544
In base 12, what is 37767 + -3?
37764
In base 12, what is -3 + 52933?
52930
In base 2, what is 1000101110010 - -100?
1000101110110
In base 12, what is 231 - -159?
38a
In base 7, what is -653 + -11421?
-12404
In base 3, what is -20102 - -101202?
11100
In base 5, what is 4431 - -101102?
111033
In base 10, what is 53 + 2072?
2125
In base 7, what is -3114242 + -5?
-3114250
In base 14, what is 4b - -272?
2bd
In base 11, what is 72 - -254?
316
In base 13, what is -221982 - -3?
-22197c
In base 11, what is 4 + a676a5?
a676a9
In base 16, what is -6 + -2f8c?
-2f92
In base 7, what is 560 - 1463?
-603
In base 7, what is 4624335 - -1?
4624336
In base 5, what is 23433142 - 2?
23433140
In base 4, what is 2303 - -3301300?
3310203
In base 3, what is -110211111 - 2?
-110211120
In base 7, what is -316505 - -1?
-316504
In base 14, what is -27bd - -5?
-27b8
In base 7, what is -410 + -1600?
-2310
In base 9, what is 17 - 18836?
-18818
In base 10, what is -3 - 1972?
